ands digit of 21069?
1
What is the units digit of 1255?
5
What is the tens digit of 167?
6
What is the thousands digit of 40187?
0
What is the thousands digit of 160700?
0
What is the units digit of 2427?
7
What is the ten thousands digit of 70688?
7
What is the tens digit of 1536?
3
What is the hundreds digit of 43124?
1
What is the thousands digit of 1779?
1
What is the units digit of 396?
6
What is the thousands digit of 3969?
3
What is the hundreds digit of 469?
4
What is the hundreds digit of 28299?
2
What is the ten thousands digit of 11985?
1
What is the units digit of 299?
9
What is the hundreds digit of 8066?
0
What is the hundreds digit of 73697?
6
What is the tens digit of 5224?
2
What is the thousands digit of 3776?
3
What is the thousands digit of 7977?
7
What is the thousands digit of 61389?
1
What is the tens digit of 1463?
6
What is the ten thousands digit of 16130?
1
What is the thousands digit of 4344?
4
What is the hundreds digit of 671?
6
What is the units digit of 40?
0
What is the thousands digit of 4070?
4
What is the units digit of 27?
7
What is the tens digit of 2865?
6
What is the tens digit of 1585?
8
What is the thousands digit of 2426?
2
What is the thousands digit of 1245?
1
What is the hundreds digit of 430?
4
What is the units digit of 2054?
4
What is the hundreds digit of 24333?
3
What is the units digit of 239?
9
What is the hundreds digit of 505?
5
What is the tens digit of 10905?
0
What is the units digit of 501?
1
What is the thousands digit of 14825?
4
What is the units digit of 1954?
4
What is the thousands digit of 10867?
0
What is the units digit of 5869?
9
What is the ten thousands digit of 31814?
3
What is the hundreds digit of 1294?
2
What is the tens digit of 69660?
6
What is the thousands digit of 1416?
1
What is the tens digit of 4842?
4
What is the thousands digit of 22767?
2
What is the hundreds digit of 179862?
8
What is the units digit of 1794?
4
What is the units digit of 1837?
7
What is the units digit of 267?
7
What is the units digit of 2296?
6
What is the units digit of 756?
6
What is the ten thousands digit of 17281?
1
What is the units digit of 95261?
1
What is the units digit of 47360?
0
What is the units digit of 5210?
0
What is the thousands digit of 23312?
3
What is the hundreds digit of 251?
2
What is the ten thousands digit of 25399?
2
What is the tens digit of 16416?
1
What is the tens digit of 11524?
2
What is the units digit of 1451?
1
What is the thousands digit of 85310?
5
What is the thousands digit of 15481?
5
What is the hundreds digit of 604?
6
What is the tens digit of 61?
6
What is the thousands digit of 31796?
1
What is the hundreds digit of 109674?
6
What is the ten thousands digit of 113328?
1
What is the units digit of 61405?
5
What is the units digit of 3841?
1
What is the thousands digit of 1620?
1
What is the ten thousands digit of 22192?
2
What is the ten thousands digit of 32231?
3
What is the units digit of 16972?
2
What is the thousands digit of 133268?
3
What is the thousands digit of 26965?
6
What is the units digit of 12566?
6
What is the thousands digit of 7024?
7
What is the tens digit of 613?
1
What is the units digit of 397?
7
What is the hundreds digit of 6094?
0
What is the thousands digit of 30837?
0
What is the tens digit of 4045?
4
What is the hundreds digit of 5609?
6
What is the thousands digit of 1398?
1
What is the units digit of 1502?
2
What is the units digit of 1997?
7
What is the hundreds digit of 65477?
4
What is the hundreds digit of 502?
5
What is the tens digit of 59?
5
What is the thousands digit of 15269?
5
What is the units digit of 1034?
4
What is the tens digit of 10318?
1
What is the thousands digit of 5864?
5
What is the hundreds digit of 2021?
0
What is the hundreds digit of 1453?
4
What is the tens digit of 5688?
8
What is the thousands digit of 5327?
5
What is the tens digit of 932?
3
What is the units digit of 34700?
0
What is the hundreds digit of 29963?
9
What is the units digit of 235?
5
What is the tens digit of 23249?
4
What is the tens digit of 14099?
9
What is the hundred thousands digit of 107883?
1
What is the hundreds digit of 259?
2
What is the thousands digit of 11825?
1
What is the hundreds digit of 185?
1
What is the tens digit of 3600?
0
What is the hundreds digit of 1975?
9
What is the ten thousands digit of 95288?
9
What is the tens digit of 792?
9
What is the hundreds digit of 3687?
6
What is the units digit of 12593?
3
What is the thousands digit of 2167?
2
What is the hundreds digit of 341?
3
What is the units digit of 158?
8
What is the thousands digit of 5218?
5
What is the tens digit of 20941?
4
What is the ten thousands digit of 67428?
6
What is the thousands digit of 7935?
7
What is the units digit of 5932?
2
What is the tens digit of 19385?
8
What is the tens digit of 3913?
1
What is the units digit of 2487?
7
What is the units digit of 8187?
7
What is the hundred thousands digit of 152996?
1
What is the units digit of 396?
6
What is the hundreds digit of 105269?
2
What is the thousands digit of 106713?
6
What is the thousands digit of 10010?
0
What is the units digit of 5064?
4
What is the tens digit of 719?
1
What is the units digit of 258?
8
What is the thousands digit of 1778?
1
What is the ten thousands digit of 166157?
6
What is the ten thousands digit of 34642?
3
What is the hundreds digit of 1255?
2
What is the hundreds digit of 7242?
2
What is the units digit of 20222?
2
What is the thousands digit of 42810?
2
What is the hundreds digit of 109725?
7
What is the tens digit of 1165?
6
What is the hundreds digit of 2345?
3
What is the hundreds digit of 2624?
6
What is the hundreds digit of 35646?
6
What is the units digit of 1106?
6
What is the tens digit of 3923?
2
What is the tens digit of 7334?
3
What is the hundreds digit of 12917?
9
What is the thousands digit of 18049?
8
What is the tens digit of 582?
8
What is the units digit of 881?
1
What is the hundreds digit of 18614?
6
What is the hundreds digit of 816?
8
What is the ten thousands digit of 36036?
3
What is the tens digit of 947?
4
What is the hundreds digit of 2810?
8
What is the hundreds digit of 16776?
7
What is the ten thousands digit of 91273?
9
What is the tens digit of 8788?
8
What is the thousands digit of 2610?
2
What is the thousands digit of 11991?
1
What is the hundreds digit of 19337?
3
What is the thousands digit of 1277?
1
What is the units digit of 119086?
6
What is the units digit of 632?
2
What is the hundreds digit of 18686?
6
What is the units digit of 11120?
0
What is the units digit of 9327?
7
What is the thousands digit of 13284?
3
What is the thousands digit of 12949?
2
What is the units digit of 124665?
5
What is the units digit of 834?
4
What is the units digit of 1315?
5
What is the tens digit of 2024?
2
What is the ten thousands digit of 15436?
1
What is the hundreds digit of 7437?
4
What is the hundreds digit of 28114?
1
What is the hundreds digit of 2124?
1
What is the tens digit of 567?
6
What is the hundreds digit of 8767?
7
What is the hundreds digit of 2569?
5
What is the hundreds digit of 1650?
6
What is the ten thousands digit of 37808?
3
What is the units digit of 36883?
3
What is the thousands digit of 16949?
6
What is the tens digit of 4446?
4
What is the units digit of 1427?
7
What is the thousands digit of 1612?
1
What is the thousands digit of 18809?
8
What is the tens digit of 1100?
0
What is the thousands digit of 1401?
1
What is the thousands digit of 48742?
8
What is the hundreds digit of 63712?
7
What is the thousands digit of 1025?
1
What is the units digit of 9809?
9
What is the hundreds digit of 244?
2
What is the hundreds digit of 8781?
7
What is the hundreds digit of 63503?
5
What is the hundreds digit of 33786?
7
What is the units digit of 52872?
2
What is the thousands digit of 1001?
1
What is the tens digit of 567?
6
What is the thousands digit of 11264?
1
What is the tens digit of 11752?
5
What is the thousands digit of 67753?
7
What is the tens digit of 1744?
4
What is the hundreds digit of 17911?
9
What is the units digit of 229?
9
What is the thousands digit of 1191?
1
What is the units digit of 726?
6
What is the hundreds digit of 763?
7
What is the tens digit of 630?
